 -2*g + 12 = -5*g. Suppose 47 = 2*c - s + 2*s, 0 = -3*c + s + o. What is the remainder when c is divided by 8?
6
Let o(h) = -3*h**3 - 2. Suppose -n = 5*c - 3*n - 30, 0 = 4*c - 5*n - 24. Calculate the remainder when o(-2) is divided by c.
4
Let t(g) = g**2 + 2*g - 2. Let r(z) = 2*z**2 + 6*z - 5. Let d(f) = -4*r(f) + 11*t(f). What is the remainder when 24 is divided by d(-2)?
10
Suppose -5*h = 5*s + 55, 22 = -2*s - 0*s + 2*h. Let y = -1 - s. What is the remainder when 38 is divided by y?
8
Let y be 7/(((-14)/4)/(-7)). Let j(w) = -w + 5. Let c be j(0). Let z = y - c. Calculate the remainder when 17 is divided by z.
8
Suppose 6 = -3*g + 27. Calculate the remainder when 13 is divided by g.
6
Suppose -m + 461 = 2*s, -s - 3*m + 220 = -23. Suppose t + t = -s. What is the remainder when (t/(-15))/(1/5) is divided by 10?
8
Let w be (-11)/(16/(-14) + 1). Let t = -36 + w. Suppose 0 = -4*a + 48 + 8. What is the remainder when t is divided by a?
13
Suppose -4*j - 174 = -542. What is the remainder when j is divided by 32?
28
Suppose 120 = -j + 3*j. Calculate the remainder when j is divided by 22.
16
Suppose -22 = 2*p - 4*p - 2*t, 5*t - 15 = 0. Suppose -4*x + p*x - 16 = 0. What is the remainder when 6 is divided by x?
2
Let w = 21 + -17. What is the remainder when 24 is divided by w?
0
What is the remainder when 33 is divided by 20 - (-7)/((-14)/4)?
15
Suppose -q - 21 = -2*q. Let o(i) = i**2 + i - 2. Let z(c) = 3*c**2 - 3*c. Let m be z(2). Calculate the remainder when o(m) is divided by q.
19
Suppose 0*a = -j - 4*a + 5, 5*j = -3*a + 25. Suppose -j*b - v = v - 52, -5*b = 4*v - 44. What is the remainder when 46 is divided by b?
10
Let m(y) = -17*y**2 + y. Let t be m(1). Let l = 9 + t. Let a(p) = p**2 + 5*p - 10. Calculate the remainder when a(l) is divided by 3.
1
Let n be (-3)/(3 + 0)*-3. Suppose n*b = -2*b + 70. What is the remainder when 52 is divided by b?
10
Suppose 3*l - 13 = -5*x, -3 + 0 = 5*l - 4*x. What is the remainder when 4 is divided by l?
0
Let v = 0 + 14. Let l = 99 - 21. What is the remainder when (l/(-15))/(1/(-5)) is divided by v?
12
Suppose 2*l + 3*l - 410 = 0. Calculate the remainder when l is divided by 17.
14
Suppose 2*q - 3 = 23. Let a(f) = -f**3 - 2*f + 4. Suppose 1 - 13 = 4*d. Calculate the remainder when a(d) is divided by q.
11
Calculate the remainder when (-418)/(-6) + (-12)/18 is divided by 10.
9
Suppose 4*h - 5*h = -3*n + 16, 0 = -3*h - n - 48. Let i = h - -30. Calculate the remainder when 41 is divided by i.
13
Let w(g) = -17*g - 86. Calculate the remainder when w(-6) is divided by 13.
3
Let g(h) = -h**2 + 11*h. What is the remainder when 108 is divided by g(7)?
24
Let k = 2 + 2. What is the remainder when k is divided by 2?
0
Let c(t) = t**2 - 3*t. What is the remainder when 68 is divided by c(-3)?
14
Let i = 194 + -180. What is the remainder when i is divided by 13?
1
Suppose 5*b + 7 = -3, -5*j = -5*b - 15. What is the remainder when 33 - (-3 + 6)*j is divided by 8?
6
Let l(y) = -2*y + 1. Suppose -24 = 3*i + i. Let c(s) = -s**2 - 8*s - 8. What is the remainder when l(-5) is divided by c(i)?
3
Let z = -14 + 20. What is the remainder when 38 is divided by z?
2
Suppose -2*p + 32 = -p. What is the remainder when p is divided by 17?
15
Let i be 8/((-6)/(-9)*3). Suppose i*t - 3*k + 9 = 49, k = t - 10. Calculate the remainder when t is divided by 6.
4
Suppose 26 = 2*o + 2*f, -o - f - 3*f = -4. Calculate the remainder when 77 is divided by o.
13
Let f(h) = 13*h**3 + 4*h**2 + h + 9. Let p(j) = 6*j**3 + 2*j**2 + 4. Let a(w) = 3*f(w) - 7*p(w). What is the remainder when a(-3) is divided by 14?
11
Let f(h) = -h**3 - 6*h**2 + 6*h - 8. Let y be f(-7). Calculate the remainder when 63 is divided by (-3)/(y/(-32)*-6).
15
Suppose 0 = -6*v - 160 + 1138. What is the remainder when v is divided by 56?
51
Let x(f) = 8*f**2 - 2*f - 2. Let i be x(2). Let j = -15 + i. Calculate the remainder when 1 + -2 - (-2 - 30) is divided by j.
9
Suppose -5*p + 5 = -35. Calculate the remainder when 9 is divided by p.
1
Let v = 39 + -17. Let g be (3 - 1)*306/12. Suppose 4*n = -u + g, 0*n + u = -2*n + 27. Calculate the remainder when v is divided by n.
10
Let x(f) = f**2 - 6. Let d be x(0). What is the remainder when 15 is divided by 6*(0 + (-8)/d)?
7
Suppose 0 = -3*f + s + 242, -2*s + 415 = 4*f + 99. Calculate the remainder when f is divided by 21.
17
Let x(a) = -a**3 - 9*a**2 - 15*a - 6. What is the remainder when x(-9) is divided by 22?
19
Suppose -3*z - 5*o + 104 + 73 = 0, -z - 5*o = -69. Calculate the remainder when z is divided by 19.
16
Let h(b) = 14*b - 2. Let x(v) = -3*v**2 - 1. Let s be x(2). Let l = s - -18. What is the remainder when h(1) is divided by l?
2
Let o be (-1 - -2)/((-3)/(-1275)). Suppose 5*f + 5*p - o = 0, 0 = 4*f + 2*p - 6*p - 372. What is the remainder when f is divided by 23?
20
Let j be (-4)/(-10) - 566/(-10). Suppose 75 + j = 3*l. What is the remainder when l is divided by 9?
8
Suppose -2*h + 4*h - 146 = 0. What is the remainder when h is divided by 15?
13
What is the remainder when 44 is divided by (1204/(-8))/(-7) + (-3)/(-2)?
21
What is the remainder when 8 is divided by -2 - (22/33)/((-2)/9)?
0
What is the remainder when ((-5)/(-2))/((-1)/(-54)) is divided by 28?
23
Suppose -2*f + 14 + 16 = 0. Let w = 74 - -14. Suppose 0 = -2*u + w - 2. Calculate the remainder when u is divided by f.
13
Let m(w) = w**2 + 5. Calculate the remainder when 13 is divided by m(0).
3
Let l = 3 + 0. Suppose 0 = -5*d - 40 + 95. Calculate the remainder when d is divided by l.
2
Suppose -4*q - 15 = -3. Let j = -8 - -13. Calculate the remainder when (-14)/((1 - -1) + q) is divided by j.
4
What is the remainder when 171/15 - (-8)/(-20) is divided by 5?
1
Suppose 3*q + l = 83, 5*q - 4*l + 59 - 169 = 0. Calculate the remainder when q is divided by 14.
12
Let n(z) = -4*z + 5. What is the remainder when n(-6) is divided by 10?
9
Calculate the remainder when ((-1)/(-3) + 5/30)*142 is divided by 38.
33
Suppose 4*b - 5*y = 199, -5*b + 69 = -4*y - 182. What is the remainder when b is divided by (12 - -1) + (-3 - -3)?
12
Suppose 2*d - 4 = 32. Suppose -d = 4*v - v. Calculate the remainder when (-78)/9*v/2 is divided by 9.
8
Let w(r) = -4*r**3 - 8*r**2 - 7*r - 11. What is the remainder when w(-4) is divided by 26?
15
Let b be -3*(3 + (-3)/(-9)). Let y be 180/25 + 2/b. Suppose -4*v = -y*v + 144. Calculate the remainder when v is divided by 17.
14
Let w(v) = v + 9. Let n be w(-7). Let h = n + 0. Suppose 8 = z + 4*q, 2*q = h*z + 2*z - 32. Calculate the remainder when 15 is divided by z.
7
Let w(v) = -v**2 + 15*v + 26. Let o(x) = -2*x + 3. Let q be o(2). Let z = 8 - q. What is the remainder when w(15) is divided by z?
8
Suppose c = 2*i + 70, 5*c + 6*i - 7*i - 341 = 0. What is the remainder when c is divided by 19?
11
Suppose 4*g = 4*v + 64, -2*v - 71 = -4*g - 5*v. Suppose -g = -w + 10. What is the remainder when w is divided by 15?
12
Suppose -3*g - 20 = -5*g. What is the remainder when 17 is divided by g?
7
Suppose 6*m + 5*h = 3*m + 217, 0 = -3*m - 4*h + 218. Suppose 13*g - 4*q + 7 = 14*g, -q - 77 = -5*g. What is the remainder when m is divided by g?
14
Let s be (0 + 2)*(-25)/(-10). Suppose 0 = -s*a + 6*a - 19. What is the remainder when 56 is divided by a?
18
Suppose -2*c + 4*p + 102 = -0*c, 0 = 4*p - 4. Suppose -l = 5*a - c, 4*l - 85 + 33 = -4*a. Suppose -t + 3*t = a. Calculate the remainder when 14 is divided by t.
4
Suppose 3*u = 4*c + 18, -4*u - 4*c - 1 = 3. Calculate the remainder when u is divided by 2.
0
Let w(t) = -11*t + 2. Let i be w(-1). Let g = 1 - -2. Let y = g + i. Calculate the remainder when y is divided by 6.
4
Suppose o + 5 = 4. Let d be o/(-4) + (-45)/(-12). Suppose d = a + x, 5*x - x = -3*a + 14. Calculate the remainder when 4 is divided by a.
0
Suppose -3*x - g - 12 = 2*g, 0 = -5*g - 15. Let r = 1 - x. Suppose w = -n + 7, -4*n + 2*w + 3*w + 10 = 0. What is the remainder when n is divided by r?
1
Suppose -4*o + 8 = -0*o. Suppose o*j - 7*j = -60. What is the remainder when j is divided by 7?
5
Let n(o) = -o**2 + 10*o + 3. Let g = 36 + -26. What is the remainder when 8 is divided by n(g)?
2
Let f(p) = -1 + 2 + 0*p**2 + 8*p**2. What is the remainder when 35 is divided by f(-1)?
8
Let t(l) = 9*l - 3. Let n be t(2). Let b = n + -3. Calculate the remainder wh